vided by p?
3
Let q(k) = 19*k**2 + 2*k + 1. What is the remainder when q(-2) is divided by 19?
16
Suppose s - 4*s - 4*f = -21, 5*s - 9 = 2*f. Suppose -7 + 70 = s*j + 4*i, -j + 5*i = -2. Calculate the remainder when 65 is divided by j.
14
Suppose -84 = -3*d + 3*l, 3*d + l = -l + 109. What is the remainder when 110 is divided by d?
11
Let d = -1 + 11. What is the remainder when 197 is divided by d?
7
Suppose -3*t = -3*b - 30, -3*t = -0*t - 6. Let l = b + 19. What is the remainder when l is divided by 4?
3
Suppose 5*r - 205 = -15. Let z(a) be the third derivative of a**6/120 - a**5/60 - a**4/8 + 2*a**3/3 - 6*a**2. Calculate the remainder when r is divided by z(3).
12
Let o(s) = s**2 + s + 80. Let t be o(0). Suppose -k - c + 35 = 0, -2*c - t - 67 = -5*k. What is the remainder when k is divided by -3*4/(-30)*40?
15
Let v(k) = k**3 - 2*k**2 + 2. Suppose -2*w = -2*f - 3*f + 156, 0 = -f + 4*w + 42. What is the remainder when f is divided by v(3)?
8
Let r = 16 - 15. Suppose -2*b + 0*b = -2*c - 22, 4*b + 5*c + r = 0. What is the remainder when b is divided by 2?
0
Suppose x = 8 - 3. Suppose 3*q - 15 = -6. Calculate the remainder when x is divided by q.
2
Let f = -41 - -94. Let j = -24 + f. Calculate the remainder when j is divided by 15.
14
Suppose 5*m = 5*f + 90, m - 25 = 3*f + 21. Let b = f - -28. Suppose -3*d - 2*g = -g - 27, 2*g = 4*d - 26. What is the remainder when b is divided by d?
6
Suppose -2*t - t + 41 = 2*n, 5*n = -5*t + 75. Calculate the remainder when 1*18 - (-24)/8 is divided by t.
10
Let q = 6 + -4. What is the remainder when 13 is divided by (1 + -13)*q/(-3)?
5
Suppose -4*r + 3*x + 36 = -x, 0 = -5*r - x + 15. Suppose -2*g + 26 = r*s - 14, 3*s + 3*g - 30 = 0. What is the remainder when 19 is divided by s?
9
Suppose -5*d - 5*n = 0, d - 3*n - 25 = -d. Suppose d*l - 2*b - 5 = 0, 2*l - b = 4*b - 19. Calculate the remainder when (7 - 0/3) + 0 is divided by l.
1
Suppose -2*i = 6, -5*q - 4*i = -416 - 257. Calculate the remainder when q is divided by 23.
22
Let w be ((-6)/12)/((-1)/(-18)). Let c be 1 - (w/1 + 3). Calculate the remainder when (27*1)/(c/7) is divided by 14.
13
Let v = 31 + -16. Suppose i - 2*i = 4*z - v, 47 = i - 4*z. Calculate the remainder when i is divided by 11.
9
Suppose -m - 5*m = -120. Calculate the remainder when 95 is divided by m.
15
Suppose 5*d = 29 + 31. Calculate the remainder when 46 is divided by d.
10
Let b(w) = -w**3 + 3*w**2 - w + 4. Let y(a) = -2*a**3 + 4*a**2 - a + 5. Let h(u) = -5*b(u) + 4*y(u). Calculate the remainder when h(-2) is divided by 7.
5
Let i(d) = d**2 + 4*d - 4. Let n(r) = r - 11. Let s be n(6). Calculate the remainder when 1 is divided by i(s).
0
Suppose 155 = 5*y + 4*d, -68 = -2*y + 2*d - 6. Let l = 26 + -18. Calculate the remainder when y is divided by l.
7
Let n(p) = -p + 9. Suppose 0 = h + 4*h. Suppose -3*y = -h - 21. What is the remainder when n(-4) is divided by y?
6
Suppose -22 = 2*t - 2*h, 2*t = 5*h - 9 - 10. Let o = -1 - t. Suppose u = -3*u + 16. Calculate the remainder when o is divided by u.
3
Suppose -2*g - 17 = 4*d + d, 0 = -2*g - 3*d - 7. Calculate the remainder when 7 is divided by g.
3
Let h(u) = u**3 - u**2 - u + 28. Let c be h(0). Suppose 114 = 4*f + 2*i, i + c + 19 = 2*f. Calculate the remainder when f is divided by 14.
12
Suppose 4*u = -28 + 412. What is the remainder when u is divided by 11?
8
Let p be -12*((-58)/6 + -1). Calculate the remainder when (-7)/(-35) + p/10 is divided by 4.
1
Suppose 0 = 5*y - 15, -5 + 18 = 4*i - y. Suppose u - 4 = i*r, u + r + r = -2. Calculate the remainder when 13 is divided by u - (1 + -2) - -4.
3
Let p(o) = o**3 + 4*o**2 - 7*o - 4. Suppose -5*u + b = 4*b + 28, -u + 3*b = 2. Calculate the remainder when 17 is divided by p(u).
5
Let f(t) = 2*t**3 - 5*t**2 + 5*t - 5. Let h be (-4)/14 + 60/14. What is the remainder when f(h) is divided by 16?
15
Let n(c) = c**3 - 14*c**2 + c - 1. Let f(j) = 7*j**3 - j**2 - j + 1. What is the remainder when f(2) is divided by n(14)?
12
Suppose -m = -2*m + 6. Let y be (-9)/m*-4 + -2. Suppose d + 14 = 5*c, 0 = c + y*d + 6 + 8. Calculate the remainder when 4 is divided by c.
0
Let s(u) = -u**2 + u + 1. Let j be s(-1). Let y = 2 - j. Let z(d) = -2*d - 4. What is the remainder when z(-6) is divided by y?
2
What is the remainder when (-4)/(-6)*-8*-3 is divided by (36/(-30))/(1/(-5))?
4
Let u(y) = y**3 - 5*y**2 + 4*y + 1. Let d be u(4). What is the remainder when 31 is divided by 2/((-1)/(-4)*d)?
7
Let y(l) = -l**3 - 13*l**2 - 17*l - 14. Let r be (5/3)/((-1)/3). Let n(x) = -4*x - 4. Calculate the remainder when y(-12) is divided by n(r).
14
Let w(j) = j + 8. Let l be w(-6). Suppose 3*i + x - 15 = -2*x, -11 = -i + l*x. Calculate the remainder when 72/(-42)*42/(-4) is divided by i.
4
Suppose 4*l - 9 = -3*w, 0*l - 20 = -2*w + 2*l. What is the remainder when 10 is divided by w?
3
Suppose -5*i + 87 + 73 = 0. Let h = -6 - -17. Calculate the remainder when i is divided by h.
10
Let d(b) = b**2 + 2*b + 3. Let l = -16 - -25. Let g(i) = -i + 12. Let y be g(l). What is the remainder when 52 is divided by d(y)?
16
Let q = 8 + -5. Calculate the remainder when 10 is divided by q.
1
Suppose -5*i + 114 = -0*i - 2*p, -54 = -2*i + 5*p. What is the remainder when 41 + 0 + 0 + 1 is divided by i?
20
Suppose -10*z + 14*z + 5*p - 24 = 0, 0 = 3*z + 4*p - 18. Calculate the remainder when 13 is divided by z.
1
Let d(s) = s**2 - 2*s - 1. Let n = -19 - -38. Calculate the remainder when n is divided by d(4).
5
Suppose 4*b + 0*b = 4*l - 60, -5*b - 37 = -3*l. What is the remainder when 48 is divided by l?
10
Suppose 0 = -u - u + 34. Let p = 82 - 33. What is the remainder when p is divided by u?
15
Let m = 25 - 21. What is the remainder when 14 is divided by m?
2
Suppose 4*j - 2*g = 66, 3*j = 3*g + 43 - 1. Let f = -2 - -4. Let a = 5 + f. What is the remainder when j is divided by a?
5
Suppose -5*o = 20 - 75. What is the remainder when 52 is divided by o?
8
Let n(q) = q**3 - 8*q**2 - 3*q + 19. Calculate the remainder when n(9) is divided by 19.
16
Suppose -183 = -4*n + 285. Suppose -2*y - 5*p + 62 = 0, 8*y + 3*p - n = 3*y. What is the remainder when 81 is divided by y?
18
Let t(r) = -r**3 + 5*r**2 + 10*r - 8. Let p be 11 + -3 - 2/1. Calculate the remainder when t(p) is divided by 9.
7
Suppose m + m = 6. Let d = m - -9. What is the remainder when d is divided by (-1)/((-1)/21*3)?
5
Suppose 0 = -2*h + 4*h + 4*c - 4, 3*c = -4*h + 13. What is the remainder when h is divided by 3?
1
Suppose 6 = 2*o, -3*o + 12 = h - 2. Let q(t) = t + 1. Let d(w) = w + 2. Let b(u) = 7*d(u) - 6*q(u). Calculate the remainder when b(6) is divided by h.
4
Suppose -3*g = -4*g + 47. What is the remainder when g is divided by 12?
11
Suppose -5*d + 230 = 5*o, -3*d - 58 = -o - d. Let h = -5 - -7. Suppose -h*n - o = -5*b - n, 0 = b - n - 6. What is the remainder when 20 is divided by b?
9
Suppose -320 + 117 = -7*n. What is the remainder when n is divided by 17?
12
Suppose 6*y = -7*y + 403. What is the remainder when 153 is divided by y?
29
Suppose -3*d = -5*d. Suppose d*i = -2*a - 3*i - 5, 5*i = 5*a - 25. Suppose 61 = 5*t - 2*n, 5*t - 2*n = a*n + 67. What is the remainder when t is divided by 6?
5
Suppose 6*d = -4 + 64. What is the remainder when d is divided by 6?
4
Let r be 2/(-7) + 16/56. Suppose h + 3*j - 13 = 0, r*h - 4*j = h - 14. What is the remainder when 37 is divided by h?
7
Let x(j) = 69*j + 2. Let g be x(2). Suppose 0 = -2*r - 2*r + g. Suppose 7*b = 32 + 94. What is the remainder when r is divided by b?
17
Let t(l) = l**2 - 2*l - 5. Let j be t(4). Suppose -j*v + 76 = v. What is the remainder when 74 is divided by v?
17
Let l = -21 - -54. Calculate the remainder when l is divided by 5.
3
Let a = 13 - -45. Let r(b) = b**3 + 5*b**2 - 3*b + 5. What is the remainder when a is divided by r(-5)?
18
Suppose p = -2*w + 117, 0 = 5*w + 4*p - 152 - 142. Calculate the remainder when 112 is divided by w.
54
Suppose -3*v + 2*c + 15 = 0, -2*c + c = -4*v + 20. Calculate the remainder when 19 is divided by v.
4
Suppose -3*x - 4 = -7*x. What is the remainder when 3 is divided by x?
0
Suppose -2*a = 3*x - 164, -5*x + a - 3*a = -268. Suppose 2*h - 1 = -5*f + x, 0 = -f - 5*h + 6. What is the remainder when 41 is divided by f?
8
Suppose -3*q + 47 = s + 7, 4*s + 22 = q. What is the remainder wh